umber?
True
Is 3289764331 composite?
True
Is 194010415133 composite?
False
Is 2666532185 prime?
False
Is 23562342953 prime?
False
Is 10902559831 prime?
False
Is 4376167681 composite?
True
Is 63921169451 composite?
False
Is 14698144823 a composite number?
True
Is 6384631931 a prime number?
True
Is 32260715209 a prime number?
True
Is 34750606847 a composite number?
True
Is 39904272778 composite?
True
Is 2588726279 prime?
True
Is 9494893901 a composite number?
True
Is 69755459207 composite?
True
Is 119061533 a prime number?
False
Is 1640784991 prime?
True
Is 696528727 a composite number?
False
Is 9992879137 composite?
True
Is 57559427007 a composite number?
True
Is 143842549 prime?
True
Is 1302075091 a prime number?
False
Is 592751039 composite?
True
Is 302781301 a prime number?
False
Is 2362476269 a prime number?
True
Is 188837059 composite?
False
Is 18013183687 composite?
True
Is 1470850393 a prime number?
False
Is 14547478733 a prime number?
False
Is 242815039 prime?
True
Is 149920591 a composite number?
True
Is 9340293671 a prime number?
True
Is 3289812829 prime?
True
Is 11439725779 a prime number?
False
Is 29919694177 composite?
False
Is 39318381821 a prime number?
False
Is 13654051 prime?
False
Is 7118942377 prime?
True
Is 843460421 a prime number?
False
Is 33937913027 a prime number?
False
Is 14359105433 prime?
True
Is 80641237 a prime number?
False
Is 22037072163 prime?
False
Is 162474811 a prime number?
True
Is 1999077601 prime?
True
Is 223933849 a composite number?
False
Is 2551172663 a composite number?
True
Is 875489437 composite?
True
Is 49779179173 composite?
True
Is 2852955493 composite?
False
Is 2624077639 prime?
True
Is 1772243281 a prime number?
True
Is 157713714973 composite?
False
Is 2053527373 a composite number?
False
Is 33356236387 a prime number?
False
Is 851876959 prime?
True
Is 363479981 prime?
False
Is 5130599911 prime?
False
Is 2317878637 composite?
True
Is 11289495013 composite?
False
Is 1998169055 a prime number?
False
Is 2908417195 prime?
False
Is 1186771397 a prime number?
False
Is 41335705711 a prime number?
False
Is 80330202065 a composite number?
True
Is 1317543343 a composite number?
False
Is 64899272929 a prime number?
True
Is 206538529 a composite number?
False
Is 1040151653 a prime number?
True
Is 3267374351 composite?
True
Is 24096220411 prime?
False
Is 5408731 a composite number?
True
Is 161549665 prime?
False
Is 1352687101 a prime number?
False
Is 157462757 a prime number?
False
Is 23959525867 composite?
False
Is 58140003923 a composite number?
False
Is 7024237903 prime?
True
Is 26942128657 prime?
True
Is 8985451603 prime?
True
Is 1907587223 a prime number?
True
Is 3209197697 a composite number?
False
Is 2149684279 a prime number?
False
Is 27519505213 a composite number?
True
Is 3032392189 a prime number?
True
Is 64440339203 a prime number?
True
Is 138524386409 composite?
True
Is 24549917059 composite?
False
Is 2431529189 a composite number?
False
Is 69455305507 composite?
True
Is 10666461479 composite?
False
Is 11012594107 composite?
False
Is 100142083031 prime?
False
Is 739726643 prime?
False
Is 19192057091 composite?
False
Is 1193311033 composite?
True
Is 38464855171 a composite number?
True
Is 429041927 prime?
True
Is 272883053 a composite number?
False
Is 43147462669 prime?
True
Is 252558783977 a prime number?
False
Is 108408503 a composite number?
True
Is 12597825389 a prime number?
True
Is 6611132651 a composite number?
True
Is 99053477945 a prime number?
False
Is 329839595 a prime number?
False
Is 4966807889 a composite number?
False
Is 183630539 a prime number?
True
Is 18324970591 composite?
False
Is 125667317 a composite number?
False
Is 3829861877 a prime number?
True
Is 569243197 composite?
False
Is 88484807 composite?
False
Is 18614536201 prime?
False
Is 3248212469 composite?
True
Is 1997289989 prime?
True
Is 13020751399 a composite number?
False
Is 970464251 composite?
False
Is 12338694811 prime?
True
Is 236292521 a composite number?
True
Is 2407640393 a prime number?
True
Is 1389377497 a composite number?
True
Is 26912751337 prime?
True
Is 2855940181 prime?
True
Is 474362753 prime?
True
Is 23462176339 composite?
True
Is 452887913 composite?
True
Is 798156803 prime?
True
Is 524433617 prime?
True
Is 563749939 a composite number?
True
Is 321843191 a composite number?
True
Is 5914331 a composite number?
True
Is 8248432397 composite?
False
Is 6832592513 a composite number?
True
Is 44591768813 composite?
False
Is 14610520297 a composite number?
True
Is 345862999 a prime number?
True
Is 301626889 a prime number?
True
Is 20697837157 prime?
False
Is 658529507 prime?
True
Is 228396849853 a prime number?
False
Is 2067345773 composite?
False
Is 16070800919 a prime number?
False
Is 2392935407 prime?
True
Is 1125253 a prime number?
True
Is 440213197 prime?
False
Is 8972691487 a prime number?
True
Is 1193578159 prime?
True
Is 112747241 composite?
False
Is 134125897 prime?
True
Is 13883555321 a composite number?
False
Is 3819986287 a prime number?
False
Is 282583889 a composite number?
True
Is 80818661643 a prime number?
False
Is 356158303 composite?
False
Is 17765790779 a composite number?
True
Is 6412008899 a prime number?
True
Is 164170277 composite?
False
Is 88383666542 a composite number?
True
Is 2051364295 a prime number?
False
Is 21518861909 composite?
True
Is 968544211 composite?
True
Is 541036091 a composite number?
True
Is 3248978935 a prime number?
False
Is 41317991969 composite?
False
Is 2097157583 a prime number?
False
Is 62651229 a prime number?
False
Is 8030085863 a prime number?
True
Is 1863772931 a composite number?
True
Is 7077255049 a prime number?
False
Is 39240003167 prime?
True
Is 2212207483 prime?
False
Is 5303734573 prime?
True
Is 4056918527 a composite number?
False
Is 2812602433 composite?
True
Is 586706777 a prime number?
True
Is 761627453 prime?
True
Is 6767359037 composite?
False
Is 693481169 a prime number?
True
Is 788266631 prime?
True
Is 3889657441 composite?
False
Is 163309388701 a composite number?
False
Is 42263916413 composite?
True
Is 121756108049 a composite number?
True
Is 867447283 composite?
False
Is 2751524099 a composite number?
False
Is 1910828113 composite?
False
Is 15389424377 a prime number?
True
Is 86265965249 a composite number?
True
Is 230078056727 a prime number?
False
Is 6183838643 composite?
True
Is 216520469 composite?
True
Is 1117924009 prime?
True
Is 23662688917 a composite number?
True
Is 2928644331 prime?
False
Is 1646368357 prime?
False
Is 345288253 a prime number?
True
Is 17515063499 prime?
True
Is 2006746277 a composite number?
False
Is 2232454717 a prime number?
True
Is 864160819 composite?
True
Is 21179667961 a composite number?
True
Is 12005567887 prime?
True
Is 3955398313 a prime number?
False
Is 15998850389 a prime number?
False
Is 704528749 a composite number?
True
Is 2424734437 a prime number?
True
Is 2979528547 prime?
False
Is 3015189343 composite?
True
Is 36992907323 a composite number?
False
Is 28973906197 prime?
True
Is 1340401123 prime?
False
Is 975966997 a composite number?
False
Is 13361328763 composite?
True
Is 1208315029 composite?
False
Is 822482246 composite?
True
Is 22266353701 a prime number?
True
Is 17521442203 a prime number?
False
Is 1276206317 composite?
False
Is 885844036069 a composite number?
False
Is 22322088013 prime?
False
Is 5443417223 composite?
True
Is 41005532983 composite?
False
Is 2774409359 prime?
True
Is 2072114677 prime?
True
Is 153346913 a prime number?
False
Is 876429127 prime?
False
Is 2414249473 a prime number?
True
Is 6671019829 composite?
False
Is 166855127 composite?
True
Is 166302317833 prime?
True
Is 36876752707 composite?
False
Is 5061289234 composite?
True
Is 4882808813 a composite number?
True
Is 2335947569 a composite number?
True
Is 441641177 prime?
False
Is 48777451 a prime number?
False
Is 2391138413 composite?
True
Is 1102736857 a composite number?
False
Is 82765829 composite?
False
Is 24315345941 a prime number?
False
Is 13987319 a prime number?
False
Is 15725476951 composite?
False
Is 8129650819 composite?
False
Is 112333615039 composite?
False
Is 14961428237 composite?
True
Is 1563596053 composite?
False
Is 181864051 prime?
True
Is 6457541689 prime?
True
Is 73003456349 composite?
Tru